 w. Suppose -73 = -t - x. What is the tens digit of t?
7
What is the thousands digit of (1 - (1 - 2984))/2?
1
Let u(y) = 33*y**2 - 835*y - 183. What is the ten thousands digit of u(59)?
6
Suppose 4*g = -5*y + 9*y, 4*g - 32 = -4*y. Suppose 0*m - 4*m - 1344 = -y*p, 1374 = 4*p + 2*m. What is the tens digit of p?
4
Suppose 3*u + 20 = -2*r, 0 - 8 = 4*u - 2*r. Let h(i) = -2*i**3 - 7*i**2 - 5*i - 2. Let p be h(u). Let c = 29 + p. What is the tens digit of c?
6
Suppose -2*x + 4*y = -18, -8*y = 4*x - 4*y - 36. Suppose x = -5*v + 29. Suppose b - 149 = -5*m, 6*b - v*m = 3*b + 466. What is the units digit of b?
4
Suppose -35*s + 467882 - 53369 = -47207. What is the hundreds digit of s?
1
Let i = -12 + -20. Let s = -76 - i. What is the units digit of ((-1551)/s)/((-6)/(-16))?
4
Let k(w) = 2*w + 131. Let r be k(-28). Let v = 61 + -31. Let s = r - v. What is the tens digit of s?
4
Suppose -2*c = 3*u + 3*c - 31, 3*c = -5*u + 25. Suppose 0 = 4*w - u*n + 3*n - 53, -4*n - 40 = -2*w. What is the tens digit of w?
1
Suppose 0 = 24*h - 53 - 187. Suppose -2873 = -h*b + 8137. What is the tens digit of b?
0
Suppose 6*m = 4*m + 2*s + 2, -m - 2*s + 7 = 0. Let w be m*(-20)/(-27) - (-2)/(-9). Suppose 0 = -w*y + 153 + 203. What is the tens digit of y?
7
Suppose 5*r - 4*r - 3*h = 5179, -4*r + 2*h = -20756. What is the thousands digit of r?
5
Let y = 20800 - -3773. What is the hundreds digit of y?
5
Suppose 3*x = -3*p + 711, 5*p = -0*x + 4*x + 1185. Suppose 2*f - p = -c, -c + f = -162 - 66. What is the hundreds digit of c?
2
Suppose 4*y + 3*d - 32817 = 16968, 5*d = -2*y + 24889. What is the hundreds digit of y?
4
What is the ten thousands digit of 1/(6 - 191386/31898)?
1
Suppose 2*c = 1 + 3. Let k be c/(-4)*8 - -15. Suppose k*p + 158 = 13*p. What is the units digit of p?
9
Suppose 2880 = -3*c - 29*c. What is the tens digit of (-1 - (-50)/(-6))/(c/14445)?
9
Let s(a) = -a**2 + 7*a + 25. Let p be s(9). Let k(v) = 48*v - 25. What is the tens digit of k(p)?
1
Let p(w) = w**3 - 12*w**2 - 15*w + 2. Let a be p(13). Let f = a - -32. Suppose f*h - 3*h = 375. What is the tens digit of h?
7
Let b = 11 + 1. Suppose -4*u = -3*z - 397, -z = 3*u - 6*z - 306. Let q = b + u. What is the hundreds digit of q?
1
Let a(j) = 2*j**3 + 21*j**2 + 13*j - 1. Suppose 4*u + 2 = -3*l - 597, 2*u + 5*l = -289. Let z = u + 143. What is the tens digit of a(z)?
2
What is the hundreds digit of -114*680/(-15) + 2?
1
Suppose -3*q + 3 = -3. Let n be q*(5 + -4) + -1. Let s(h) = 124*h - 3. What is the hundreds digit of s(n)?
1
Let i be (-2)/(3/(-12)*0 + 2). Let n be i + -2 + (46 - 6). Suppose -n = -3*d - 19. What is the units digit of d?
6
Let l(g) = -3*g + 91. Let m(a) = 11*a - 274. Let p(o) = -11*l(o) - 4*m(o). What is the tens digit of p(-18)?
9
Suppose 178*p - 1249860 = 62*p - 176628. What is the thousands digit of p?
9
Let j(n) = 5*n - 1 + 3*n + 10. Let s = 146 - 141. What is the units digit of j(s)?
9
Let w(y) = -151*y - 327. What is the thousands digit of w(-42)?
6
Suppose 0*x - 2*x + 3*p + 22059 = 0, -2*p = 3*x - 33082. What is the units digit of x?
8
Let l(g) be the third derivative of -g**5/60 + 7*g**4/12 + g**3/6 - 6*g**2. Let p be l(14). What is the tens digit of ((19/2)/p)/((-21)/(-126))?
5
Suppose 2*n - 5 + 5 = 0. What is the tens digit of 9 + 170 + 0/(-1 + n)?
7
Suppose 5*h + 130711 = 2*g, 5*h - 52448 + 313865 = 4*g. What is the tens digit of g?
5
Let v be (8/(-6))/(4/(-12)). Suppose -5*y + 1565 = 5*z, 30*z + y = 25*z + 1581. Suppose 16 = -5*l + 1, v*x + 5*l = z. What is the units digit of x?
3
Suppose -4*u = 0, -5*u - 125846 = -4*g - 32414. What is the tens digit of g?
5
Let w(c) = -c**2 - 9*c - 7. Let f be w(-7). Suppose -8*t + f*t = -640. Suppose 0 = 5*v - 1915 + t. What is the hundreds digit of v?
2
Let l(k) = -k**2 - 9*k - 11. Let t be l(14). Let c = t - -140. What is the tens digit of ((-93)/18 - -5) + c/(-6)?
3
Suppose 0 = 2*c - 3*l - 36672, 15*l - 16*l = 5*c - 91714. What is the hundreds digit of c?
3
Let x(q) = 90*q - 331. Let v be x(4). Suppose -5*u = -4*w + 289, 2*w + 4*u - 164 = -0*w. Suppose -2 = o, -z + w = o - v. What is the hundreds digit of z?
1
Let t = 372 + -582. What is the units digit of -5*(t - (-4 + 8/2))?
0
Suppose -2*w - 29*x + 45350 = -33*x, 249446 = 11*w - x. What is the units digit of w?
7
Let i(y) = y**3 + y**2 - y + 3. Let n be i(3). Suppose n*h - 37*h = 3696. What is the hundreds digit of h/(-26) - 14/91?
1
Suppose 2*m + 0*m - 42 = 0. Suppose -m = 3*j + 4*j. What is the units digit of j/12 - (-458)/(-16)*-2?
7
Suppose -36*m = -22*m - 308. Suppose 2259 = -m*w + 10619. What is the units digit of w?
0
What is the units digit of ((-170070)/45)/((4/(-6))/1)?
9
Let m(q) = 2*q**2 + 9*q - 53. Suppose 1 = -2*u - 5*c - 29, 2*c = 0. What is the tens digit of m(u)?
6
Suppose 47*d = -49*d - 18*d + 911088. What is the thousands digit of d?
7
Suppose -156*w = -154*w. Suppose 2268 = 3*z + 25*a - 21*a, z + 3*a - 751 = w. What is the units digit of z?
0
Let l(b) = -b**2 + 29*b + 26. Let t be l(30). What is the hundreds digit of -3 + 7194/18 + t/(-12)?
3
Suppose 2*w = 4*t - 22 - 60, -3*w - 123 = -t. Let h = w + 51. Suppose h*x - 188 = 6*x. What is the tens digit of x?
4
Let n be (-385)/(-33)*132/10. Let p be 108*2 + -1 + -2. Let m = p - n. What is the units digit of m?
9
Let v = 42 - 40. Suppose 3*t - 70 = -v*t. What is the tens digit of -1 + t/10 + (-5014)/(-115)?
4
Let s = -7148 - -13169. What is the hundreds digit of s?
0
Suppose 423*d + 6690724 = 17631420 + 9485128. What is the units digit of d?
8
Let i = -58389 - -106837. What is the tens digit of i?
4
Let w = -1723 - -7215. What is the hundreds digit of w?
4
Suppose -b - 3*p = 3*b - 9, -2*b + 5*p = 15. Let o be (-4 + b)*(-2)/(-8). What is the hundreds digit of (-106 + o)*(9 + -10)?
1
Suppose 2*t - 6*g + g = 16, 0 = 5*g + 10. Suppose -11 = -3*j - p, 32 - 11 = t*j + 3*p. Suppose 4*r - 596 = 2*s, -j - 4 = -3*s. What is the hundreds digit of r?
1
Let q(u) = -u**2 + 12*u + 33. Let m be q(15). Let z be (45/20)/(m/(-128)). What is the tens digit of (z/32)/3 - 1230/(-8)?
5
Suppose -b - 5 + 6 = -n, -1 = 5*b - 2*n. What is the hundreds digit of 0 + -3 + 3 - 338/b?
3
Let o(i) = -4*i**2 - 11*i - 6. Let k be o(-3). What is the units digit of ((-42)/k)/(70/(-24) + 3)?
6
What is the thousands digit of (5215 - -1) + 5 + 9 + -15?
5
Suppose -13*g + 5790 = -18*g. Let l = g + 1645. Suppose 3*v - l + 49 = 0. What is the hundreds digit of v?
1
Let o(a) = -10*a + 72. Let u be o(8). Let k(q) = -q**3 + 10*q**2 + 20*q + 6. What is the hundreds digit of k(u)?
9
Suppose -3*v + 0*x = x, -2*x = -5*v. Suppose -4*t - 2*u = 42 + 108, v = 3*u + 15. Let m = t - -68. What is the units digit of m?
3
Let b(f) = -969*f + 1340. What is the hundreds digit of b(-17)?
8
Suppose -2*c + 2 = 14. Let z(l) = -l**2 - 8*l - 10. Let v be z(c). Suppose -v*x + 162 = -4*g, 0*x - 2*x = -g - 165. What is the tens digit of x?
8
What is the ten thousands digit of -2*10 + (-1906146)/(-54)?
3
Suppose 0 = -v - 2*b + 17635, -22*v + 88145 = -17*v + 5*b. What is the units digit of v?
3
Suppose t - 5*q - 97399 = -17278, 0 = -2*t - 4*q + 160242. What is the ten thousands digit of t?
8
What is the tens digit of -3*20/(-12)*(-8 - -3981)?
6
Suppose -37*d = -40*d + 1278. Suppose -888 = -2*j + p, -4*j + 4*p - d = -5*j. What is the tens digit of j?
4
Suppose -49 = -2*g - 3. Suppose 25*n = g*n. Suppose -5*t + 397 = -m, -5*t = -n*m + 5*m - 415. What is the units digit of t?
0
Suppose 0 = -c + 3*u - 7 + 1, 2*c + u = 2. Let w(y) = y**2 - y - 36. Let p be w(c). Let j = p + 59. What is the units digit of j?
3
Let c = 129 - 233. Let g = 100 + c. What is the units digit of g/(-2) - (-100 - -2)?
0
Suppose 0 = 22*d - 20*d + 1066. Let f be 1*(0 - 2) + (d - 1). What is the tens digit of 3/9 + f/(-12)?
4
Let n = -144 - -178. What is the tens digit of n/(-136) + (-1 - 4914/(-8))?
1
Suppose 3*z - 3*r + 9166 = 42190, -r = z - 11016. What is the units digit of z?
2
Let c = 20 - -37. Let q = c - 52. Suppose q*r + k - 4*k - 751 = 0, -455 = -3*r + 4*k. What is the tens digit of r?
4
Let u(m) = -4*m - 18. Let p be u(-5). Suppose p*c + 215 = 7*c. Suppose 0 = 5*q + c - 388. What is the tens digit of q?
6
What is the thousands digit of (5338/17 - -24)/((-2)/(-15))?
2
Let w(i) = 11*i**2 - 6*i - 89. What is the units digit of